0
Suppose -594 - 4 = -23*l. Calculate the greatest common factor of 520 and l.
26
Let h be (-36)/(-10) + (-2)/(-5). Suppose 49 + 3 = h*n. Suppose -4*y + 585 = y. Calculate the highest common divisor of y and n.
13
Let w be (110/4)/((-1)/(-8)). Suppose w + 230 = 5*g. Calculate the highest common divisor of g and 10.
10
Suppose -j = z - 10, 2*j + 0*z - 5*z - 48 = 0. Suppose -j = -2*l + 5*w, 2*l + w = 4*l - 6. Calculate the highest common factor of l and 2.
2
Let y = 605 + -514. Calculate the greatest common divisor of 14 and y.
7
Let d = 1746 + -1261. Calculate the highest common factor of d and 291.
97
Suppose d = 4*d - 384. Let q(m) = m**2 - 13*m - 48. Let s be q(16). Suppose 5*l - 8*l + 48 = s. Calculate the highest common divisor of l and d.
16
Let v(d) = 5*d + 1. Let w be v(2). Let q = w - 29. Let l(r) = r + 25. Let k be l(q). Calculate the greatest common divisor of k and 49.
7
Let q(h) = h**3 - 4*h**2 - 5. Let a be q(5). Let l = -77 + 14. Let m = 123 + l. Calculate the highest common divisor of m and a.
20
Suppose -4*l = -52 - 80. Let y = 62 - 29. What is the highest common factor of l and y?
33
Let q(u) = 14*u - 22. Let m be q(9). Suppose -3*v - v = -m. What is the highest common divisor of v and 78?
26
Let m = -240 + 250. What is the highest common divisor of 170 and m?
10
Let o = -14 + 6. Let x = 9 + o. Let q be 41 - -1 - (-2 - x). What is the greatest common factor of 9 and q?
9
Let f(r) = r**2 + 29*r + 487. Let h be f(-18). What is the greatest common factor of h and 34?
17
Let y = 638 + -626. Let j = 75 + 21. What is the greatest common factor of y and j?
12
Let u(s) = -3*s - 2. Let n = -5 + 5. Suppose v + 5 = -0*v + 2*w, n = -v + 4*w - 7. Let f be u(v). What is the highest common factor of 1 and f?
1
Suppose 4*h - 3*q = -q + 12, 3*h = -4*q + 9. Calculate the highest common factor of h and 27.
3
Let i = 57 + -44. Let m be 0/(i - 6) - 2/(-2). What is the greatest common factor of m and 5?
1
Suppose -12 = -3*k + c - 4, 32 = 5*k + 3*c. Suppose -k*v + p + 689 - 240 = 0, -p = 1. What is the greatest common divisor of v and 16?
16
Let b(f) = 4*f - 23. Suppose -r + 24 = 2*r. Let y be b(r). Suppose -402 = -5*n + s - 0*s, -12 = -4*s. Calculate the highest common divisor of n and y.
9
Let a be (6/3)/((-8)/(-180)). Let k = -29 + a. Suppose 4*n = 190 - 30. Calculate the highest common divisor of k and n.
8
Suppose 532 = -29*w + 1982. What is the greatest common factor of w and 775?
25
Let y(t) = 3*t**2 - 23*t - 4. Let v be y(9). Calculate the greatest common divisor of v and 22.
2
Let i = 398 + -299. What is the highest common factor of 220 and i?
11
Let c(g) = 3*g + 3 + 2*g**2 + 2*g**2 + 3*g**2 - 1. Let s be c(-2). Calculate the greatest common divisor of s and 60.
12
Let t be 80*8/(-12)*3/(-2). Suppose 28 = 4*u - t. Calculate the highest common factor of 18 and u.
9
Let x = 796 + -791. What is the highest common factor of x and 1285?
5
Suppose k - 4 = 3*n, 4*n + 5*k = k. Let c(q) = 13*q**2. Let r be c(n). Calculate the highest common divisor of 91 and r.
13
Let b(p) = -2*p**2 + p - 8. Let s be b(4). Let x = 43 + s. What is the greatest common factor of 56 and x?
7
Suppose 4*f - 239 = -47. Suppose 40*l = 42*l - 48. Calculate the greatest common factor of f and l.
24
Let f(t) = -8*t - 2. Let i be f(-6). Let d = 16 + -16. Suppose d = -6*w + 48 + 90. Calculate the greatest common factor of w and i.
23
Let p = -368 + 448. Let g(q) be the first derivative of q**2 + 8*q + 2. Let r be g(6). Calculate the highest common divisor of p and r.
20
Suppose a - 32 = -22. Calculate the greatest common divisor of 870 and a.
10
Let t(m) = -14*m + 110. Let c be t(6). Calculate the highest common factor of 143 and c.
13
Let l be 90522/987 + 4/14. What is the greatest common divisor of 8 and l?
4
Let l = -181 + 244. What is the greatest common factor of l and 7?
7
Let q(g) = -g**3 - 7*g**2 + 14*g - 32. Let t be q(-9). What is the greatest common divisor of t and 292?
4
Let d = 8 - -13. Let j = 8 + 20. Let v be 4/j + 60/21. Calculate the highest common divisor of d and v.
3
Suppose o - f = 2 + 7, 4*f + 49 = 5*o. Let h be 2/(-2)*o/(-1). Suppose 9*c - 10 = 8*c + 16. What is the greatest common divisor of c and h?
13
Let u(l) = -87*l + 1229. Let g be u(-25). What is the highest common divisor of g and 92?
92
Let w be (-240)/36*18/(-4). Suppose -2*c + 0*m = 4*m - w, -45 = -3*c + 4*m. What is the highest common factor of 60 and c?
15
Let r = -3 + 8. Let g = 14 + 3. Suppose -f + r*j + 5 = 3*j, g = 3*f - 4*j. What is the greatest common factor of f and 21?
7
Suppose 3*a - 5*h = 55 - 24, 2*a - 19 = 3*h. Suppose -116 = -a*i + 26. Let r = i - -6. Calculate the highest common factor of r and 11.
11
Let g be 12*(-3)/((-9)/2). Let u = g - 8. Let f be 6*((-2)/(-6) + u). What is the greatest common divisor of 1 and f?
1
Suppose -59 + 2 = -19*s. Calculate the greatest common divisor of 27 and s.
3
Suppose -3*g + 8 = g. Suppose -5*k - 22 = -g, -2*v - k = -146. Calculate the greatest common factor of 30 and v.
15
Let h = -34 + 36. Suppose -108 = h*t - 8*t. Calculate the greatest common factor of 18 and t.
18
Let r = -1379 + 1429. What is the highest common factor of r and 325?
25
Let s(c) = 12*c + 4. Let n be s(5). Let k be (-1)/14 - (-7633)/(-714)*-3. Calculate the highest common factor of k and n.
32
Suppose -7*o = -6*o - 63. Let l be 3 + 3 + -1 + (-20)/(-10). What is the greatest common factor of o and l?
7
Let p be (-2)/(-6) + (-204)/(-9). Suppose -5*u = -n + 23, 69 = 7*n - 4*n - 3*u. Calculate the highest common divisor of n and p.
23
Suppose -20 = -y + 13. Suppose 0 = -2*h - 2*h + 20. Suppose -106 = -0*g - h*g - s, -s = -g + 26. What is the highest common factor of g and y?
11
Let v be 23 - (2 - (2 - -1)). Suppose 0 = 5*y + 109 - 469. What is the highest common divisor of v and y?
24
Let u(n) = 2*n + 3. Let d be u(0). Suppose 2*f = f + d. Calculate the greatest common factor of f and 24.
3
Let o be 627/(-21) + 1/(-7). Let b = 84 - o. What is the highest common factor of 38 and b?
38
Let y = -8 - -5. Let a = y + 5. Let q = -264 + 278. Calculate the highest common factor of a and q.
2
Let i(x) = x**3 - 8*x**2 + 2*x. Let v be i(8). Suppose 2*u - v - 6 = 0. Let w(p) = 2*p - 1. Let c be w(u). Calculate the greatest common divisor of 3 and c.
3
Let y(i) = i**3 - 8*i**2 - 9*i + 1. Let q be y(9). Let k(d) = 9*d**2 - d + 1. Let l be k(q). What is the highest common divisor of l and 45?
9
Suppose 5*y - 5*w - 28 - 2 = 0, 2*y = 4*w + 18. Suppose 4*p - 9 = 4*g + 7, y*g = 15. Suppose p*b - 11 = 8*b. What is the highest common factor of b and 1?
1
Suppose z - 17 = g, -3*g + 83 - 8 = 3*z. What is the highest common divisor of z and 1?
1
Let r(g) = 13 + g**2 - 15*g + 25*g - 2*g**2. Let h be r(9). Suppose 201 = x - 2*o + 5*o, 3*x - 5*o = 589. What is the highest common factor of h and x?
22
Let t = 25 - 19. Let o(g) = g + 5. Let v be o(t). Calculate the greatest common divisor of v and 88.
11
Let y(f) = 9*f + 19. Let a be y(-11). Let g = a + 136. Calculate the highest common factor of g and 8.
8
Let k = -113 + 193. What is the highest common factor of k and 64?
16
Let v be (1564/(-69) - -14)/((-2)/84). What is the highest common factor of v and 56?
28
Suppose -y - 2*l + 16 = 0, 39 + 1 = 3*y + 2*l. Suppose 3*a - 37 = 35. Calculate the greatest common factor of a and y.
12
Suppose -i - 34 = -11. Let z = i + 42. Calculate the highest common factor of 171 and z.
19
Let q(r) = 2*r + 56. Let h be q(-26). Suppose 3 = y - 1, y + 84 = h*o. Calculate the greatest common factor of 198 and o.
22
Let g(b) = -6*b - 24. Let p(r) = 2*r + 8. Let s(o) = 6*g(o) + 17*p(o). Let a be s(0). Let i be 7 + 6 - a/(-2). What is the greatest common divisor of 3 and i?
3
Suppose 5*b - 74 - 166 = 0. What is the greatest common factor of 24 and b?
24
Let x be ((-3)/6)/(7/(-5278)). Calculate the highest common factor of x and 29.
29
Let s = -9 - -5. Let b be (12 - 2)/(s/(-14)). Suppose 108 + b = w. What is the highest common divisor of 13 and w?
13
Let y be 2*(14 + 6)/4. Let l(q) = 15 + 26 - q - 15 + 44. Let m be l(0). What is the greatest common factor of y and m?
10
Suppose 4*f - x = 321, 0*f - 405 = -5*f + 5*x. Calculate the greatest common factor of f and 112.
16
Suppose 3*v = -2*v - 5*s + 45, -5*v - s = -49. Suppose 